8. What is r(-948)?
12
Let w(m) = -623*m - 89699. Determine w(-144).
13
Let o(s) = -1271*s + 229702. Determine o(181).
-349
Let l(v) = -2*v**3 - 579*v**2 - 287*v + 568. What is l(-289)?
-10
Let u(t) = 3*t**2 - 1061*t + 13982. Determine u(12).
1682
Let a(y) = 161*y - 64813. What is a(402)?
-91
Let v(t) = -3*t**3 - 34*t**2 + 58*t + 40. What is v(-13)?
131
Let o(i) = 488*i**2 - 4386*i - 23. What is o(9)?
31
Let p(f) = 28243*f**2 + 2937270*f - 202. Give p(-104).
6
Let i(t) = 662*t**2 - 375*t - 373. Calculate i(-1).
664
Let t(x) = -x**3 + 28*x**2 + 52*x + 2143. What is t(32)?
-289
Let t(c) = -c**3 + 32*c**2 + 82*c + 63. Determine t(35).
-742
Let q(c) = -525*c - 264587. Calculate q(-504).
13
Let g(u) = 6246*u + 18789. Give g(-3).
51
Let b(n) = -6*n**3 - 22*n**2 - 677*n - 3399. Calculate b(-5).
186
Let k(c) = 13*c**3 - 1595*c**2 - 499*c + 865. What is k(123)?
4
Let f(q) = -2*q**3 - 626*q**2 - 32*q - 9972. Determine f(-313).
44
Let k(g) = -10*g**3 - 159*g**2 + 184*g - 79. Determine k(-17).
-28
Let v(y) = -727*y**2 + 464553*y - 19. Determine v(639).
-19
Let f(m) = -1566*m + 305367. Calculate f(195).
-3
Let p(s) = -s**3 + 1939*s**2 - 64776*s + 188. Determine p(34).
-16
Let f(b) = -5*b**3 + 10*b**2 + 300*b + 617. Give f(-2).
97
Let k(u) = -315146*u + 3781747. Calculate k(12).
-5
Let w(f) = -f**3 + 183*f**2 + 691*f - 126453. What is w(183)?
0
Let n(g) = -692*g + 2101. Calculate n(3).
25
Let a(g) = -g**3 - 8*g**2 + 10549*g + 84398. Calculate a(-8).
6
Let p(m) = 14041*m + 42148. What is p(-3)?
25
Let v(t) = 5240*t - 52975. Give v(10).
-575
Let w(y) = 34040*y + 7727076. Give w(-227).
-4
Let x(f) = -3*f**2 - 1395*f + 50878. Calculate x(34).
-20
Let k(u) = 32402*u + 1911731. Determine k(-59).
13
Let b(s) = -283*s**3 - 30562*s**2 + 184*s - 3421. Determine b(-108).
35
Let k(d) = d**3 - 111*d**2 - 225*d - 111. Give k(113).
2
Let b(d) = 40093*d + 6735620. Give b(-168).
-4
Let c(b) = -122028*b - 5613295. What is c(-46)?
-7
Let u(h) = -93*h + 8825. Give u(86).
827
Let o(g) = -37*g**2 + 924*g - 925. Determine o(1).
-38
Let s(g) = -12*g**3 - 60*g**2 + 448*g + 2222. Give s(-5).
-18
Let w(b) = -364*b**2 + 273*b + 269. Determine w(-1).
-368
Let o(t) = 5000*t + 699979. Determine o(-140).
-21
Let k(z) = 1830*z + 21922. Determine k(-12).
-38
Let r(w) = -15*w**3 - 179*w**2 + 8*w + 9. Give r(-12).
57
Let l(b) = -2471*b - 135915. Determine l(-55).
-10
Let c(k) = -k**3 + 122*k**2 + 399*k - 3001. Determine c(125).
-1
Let h(j) = -2*j**2 + 98*j + 1405. What is h(-11)?
85
Let l(a) = 22*a**3 - 8*a**2 + 32*a - 30. Calculate l(1).
16
Let r(i) = 40*i**2 + 1590*i + 8089. Calculate r(-6).
-11
Let m(u) = -u**2 + 2542*u - 491860. What is m(211)?
-19
Let o(v) = 2*v**3 + 187*v**2 + 2011*v - 1185. Calculate o(-81).
-51
Let s(j) = -77*j - 1229. What is s(-27)?
850
Let z(r) = 12*r**2 - 189*r - 2340. Determine z(-15).
3195
Let n(r) = -r**2 + 526*r + 39679. What is n(-67)?
-52
Let a(s) = -s**3 + 44*s**2 + 36*s + 348. Calculate a(45).
-57
Let g(k) = -7*k**2 + 455*k + 454. What is g(66)?
-8
Let x(i) = 22*i**2 - 322*i + 1967. Determine x(6).
827
Let y(o) = 13*o**3 + 48*o**2 + 157*o + 466. Give y(-3).
76
Let y(p) = -11742*p - 316856. Calculate y(-27).
178
Let m(f) = 35344*f - 141372. Calculate m(4).
4
Let h(m) = 79*m**2 + 40*m + 266. Calculate h(-6).
2870
Let s(h) = -283*h**2 - 7071*h + 48. Give s(-25).
-52
Let s(k) = 2*k**3 - 157*k**2 + 57*k + 1681. Give s(78).
43
Let j(p) = 1681*p - 358047. What is j(213)?
6
Let f(j) = -833*j - 278255. Determine f(-334).
-33
Let z(r) = 17806*r - 19473. Determine z(1).
-1667
Let d(r) = 2*r**2 + 16613*r + 414082. Determine d(-25).
7
Let u(x) = 3*x**2 - 380*x + 3121. Give u(123).
1768
Let g(o) = 4*o**3 - 392*o**2 + 6468*o - 65. Give g(77).
-65
Let u(r) = -5696*r**2 + 136701*r + 67. Determine u(24).
-5
Let m(s) = s**3 + 9*s**2 - 5240*s + 30911. What is m(6)?
11
Let z(k) = 354767*k + 23414626. Determine z(-66).
4
Let r(p) = -28296*p + 452734. Calculate r(16).
-2
Let d(y) = y**2 - 274*y - 4819. Determine d(291).
128
Let l(r) = 42*r - 2995. What is l(71)?
-13
Let t(d) = 2043*d + 128762. Determine t(-63).
53
Let q(g) = -60517*g - 8411879. Give q(-139).
-16
Let u(t) = -24*t**2 + 482*t - 1270. Determine u(17).
-12
Let a(m) = -10*m**2 + 171*m + 966. Calculate a(21).
147
Let d(w) = -5166*w - 20566. What is d(-4)?
98
Let a(l) = 17*l**2 + 255*l - 3. Calculate a(-15).
-3
Let b(o) = -o**2 + 375*o + 27438. Determine b(-62).
344
Let s(m) = -3*m**3 - 3*m**2 - 2396*m - 7197. Determine s(-3).
45
Let n(w) = 619*w - 10268. Give n(17).
255
Let h(q) = 2978*q - 2659. Determine h(1).
319
Let l(k) = 11*k**3 + 26*k**2 - 130*k - 631. Determine l(-5).
-706
Let n(b) = -5*b**2 - 190*b + 396. Determine n(2).
-4
Let y(p) = 9*p**2 - 40*p - 3893. Give y(23).
-52
Let n(j) = 12*j**2 - 142*j - 81. Give n(14).
283
Let y(q) = q**3 + 694*q**2 + 4148*q + 200. What is y(-6)?
80
Let s(d) = -316*d - 52493. Give s(-166).
-37
Let u(l) = l**3 + 68*l**2 + 39*l - 190. Calculate u(-2).
-4
Let c(x) = -4*x**3 - 59*x**2 + 13*x + 100. Give c(-15).
130
Let f(d) = -111*d**3 + 59*d**2 - 48*d - 11. Calculate f(1).
-111
Let q(g) = -g**2 - 338*g + 204467. What is q(314)?
-261
Let r(c) = -375*c - 2040. Determine r(-6).
210
Let w(q) = q**2 - 55571*q - 389042. Determine w(-7).
4
Let w(q) = -4*q**2 - 881*q - 48217. Determine w(-121).
-180
Let f(h) = 4*h**3 + 515*h**2 + 1657*h + 34146. Determine f(-126).
0
Let p(g) = -93058*g - 1768116. What is p(-19)?
-14
Let h(m) = 2*m**3 + 216*m**2 + 4051*m + 412. Calculate h(-24).
-44
Let s(x) = x**2 + 37698*x - 75394. Give s(2).
6
Let k(y) = -y**2 - 17*y + 227. What is k(9)?
-7
Let a(r) = -1431*r + 4098. Give a(4).
-1626
Let d(k) = -4*k**3 + 53*k**2 + 144*k - 2086. What is d(12)?
362
Let n(f) = -f**3 + 201*f**2 - 9046*f + 168. Determine n(68).
32
Let s(q) = 22689*q - 91179. Determine s(4).
-423
Let p(j) = 9*j**2 - 91332*j - 182680. Calculate p(-2).
20
Let r(a) = 169*a**2 + 17066*a - 304. Determine r(-101).
-1
Let q(p) = -6*p**3 - 153*p**2 - 80*p - 49. Determine q(-25).
76
Let u(r) = -14*r**3 - 37*r**2 + 774*r + 811. Calculate u(-1).
14
Let l(d) = -4*d**3 + 117*d**2 - 257*d - 2133. Determine l(26).
-27
Let o(s) = 374*s - 3982. What is o(13)?
880
Let j(i) = 37*i - 2432. Give j(66).
10
Let a(k) = -3457*k + 826080. Calculate a(239).
-143
Let i(z) = z**2 + 683*z - 236800. Determine i(253).
8
Let f(l) = 601*l + 56914. What is f(-98)?
-1984
Let v(k) = 5453*k + 327211. Calculate v(-60).
31
Let i(r) = -9*r**3 + 65*r**2 - 100*r - 59. Give i(4).
5
Let v(x) = -51*x + 4387. What is v(89)?
-152
Let x(i) = -16*i**2 - 1093*i - 1096. Calculate x(-1).
-19
Let n(l) = l**3 + 40*l**2 - 359*l + 11. Determine n(7).
-199
Let g(j) = 1998*j - 275780. Determine g(138).
-56
Let c(h) = 931326*h - 3725291. Determine c(4).
13
Let o(p) = -2*p**3 - 9*p**2 - 12577*p - 88288. Determine o(-7).
-4
Let t(p) = 54906*p - 768676. Calculate t(14).
8
Let b(v) = -3*v**2 + 42*v + 558. Calculate b(-9).
-63
Let t(q) = 6*q**2 - 501*q - 3482. Give t(91).
613
Let v(y) = -y**3 - 5*y**2 + 964*y - 2697. Give v(27).
3
Let o(p) = 5*p**2 - 4097*p + 289166. Give o(78).
20
Let h(a) = -3631*a + 141601. Calculate h(39).
-8
Let a(h) = -193560*h - 1161362. Determine a(-6).
-2
Let r(k) = -5*k**3 - 134*k**2 + 111*k + 2151. Calculate r(-27).
-117
Let x(n) = 2*n**3 + 135*n**2 + 1454*n + 882. Give x(-54).
1098
Let g(p) = -4216*p**2 + 1436*p + 1. Determine g(1).
-2779
Let o(f) = -25014*f + 50255. What is o(2)?
227
Let t(m) = -82573*m + 743244. Determine t(9).
87
Let x(r) = 1268*r + 9715. What is x(-7)?
839
Let q(g) = 22*g**2 + 3501*g + 564. Calculate q(-159).
87
Let o(y) = -52108*y - 3282803. Give o(-63).
1
Let m(c) = c**3 + 79*c**2 + 47*c + 10. Calculate m(0).
10
Let i(a) = a**3 + 16*a**2 - 96*a + 536. Give i(-22).
-256
Let r(x) = -8*x**3 - 1688*x**2 - 7*x - 1451. Determine r(-211).
26
Let x(a) = -374*a**2 - 163806*a + 2622. Give x(-438).
-6
Let y(x) = -x**3 + 36*x**2 - 96*x + 3469. Determine y(36).
13
Let b(p) = -117*p**2 + 27*p + 79. Calculate b(5).
-2711
Let t(c) = 540*c**2 + 144173*c - 1889. Calculate t(-267).
-20
Let v(n) = -n**3 - 25*n**2 + 10*n + 26. Give v(-25).
-224
Let m(q) = -2*q**2 + 1860*q + 37995. What is m(-20)?
-5
Let q(o) = -3*o**3 + 1064*o**2 - 32705*o - 116. What is q(34)?
-14
Let o(w) = -10*w**3 + w**2 - 93*w - 94. Determine o(-1).
10